st the prime factors of 1290.
2, 3, 5, 43
List the prime factors of 75.
3, 5
List the prime factors of 43.
43
What are the prime factors of 2787?
3, 929
What are the prime factors of 305?
5, 61
List the prime factors of 3574.
2, 1787
What are the prime factors of 22473?
3, 11, 227
List the prime factors of 8345.
5, 1669
List the prime factors of 106667.
11, 9697
List the prime factors of 561.
3, 11, 17
List the prime factors of 87170.
2, 5, 23, 379
List the prime factors of 80989.
80989
List the prime factors of 87787.
7, 12541
What are the prime factors of 17374?
2, 7, 17, 73
List the prime factors of 170114.
2, 7, 29, 419
List the prime factors of 41163.
3, 13721
What are the prime factors of 67286?
2, 17, 1979
List the prime factors of 197.
197
List the prime factors of 5864.
2, 733
What are the prime factors of 37027?
61, 607
List the prime factors of 6564.
2, 3, 547
What are the prime factors of 25489?
71, 359
What are the prime factors of 1199?
11, 109
List the prime factors of 2485.
5, 7, 71
What are the prime factors of 640?
2, 5
What are the prime factors of 22?
2, 11
List the prime factors of 2552.
2, 11, 29
What are the prime factors of 1751?
17, 103
List the prime factors of 115.
5, 23
What are the prime factors of 6610?
2, 5, 661
What are the prime factors of 6401?
37, 173
What are the prime factors of 20722?
2, 13, 797
What are the prime factors of 17556?
2, 3, 7, 11, 19
List the prime factors of 1246.
2, 7, 89
What are the prime factors of 6690?
2, 3, 5, 223
List the prime factors of 1959.
3, 653
List the prime factors of 34179.
3, 11393
List the prime factors of 1892.
2, 11, 43
What are the prime factors of 80669?
80669
What are the prime factors of 2542?
2, 31, 41
List the prime factors of 2289.
3, 7, 109
What are the prime factors of 3396?
2, 3, 283
List the prime factors of 1234.
2, 617
What are the prime factors of 4101?
3, 1367
What are the prime factors of 14049?
3, 7, 223
List the prime factors of 1827.
3, 7, 29
List the prime factors of 404.
2, 101
List the prime factors of 4717.
53, 89
List the prime factors of 565.
5, 113
List the prime factors of 28034.
2, 107, 131
List the prime factors of 2300.
2, 5, 23
What are the prime factors of 822?
2, 3, 137
What are the prime factors of 27706?
2, 7, 1979
What are the prime factors of 1224?
2, 3, 17
What are the prime factors of 1090?
2, 5, 109
List the prime factors of 135909.
3, 15101
List the prime factors of 3195.
3, 5, 71
List the prime factors of 2810.
2, 5, 281
List the prime factors of 69928.
2, 8741
List the prime factors of 1027.
13, 79
List the prime factors of 26874.
2, 3, 1493
What are the prime factors of 4511?
13, 347
List the prime factors of 68031.
3, 7559
What are the prime factors of 18198?
2, 3, 337
What are the prime factors of 6442?
2, 3221
List the prime factors of 54095.
5, 31, 349
What are the prime factors of 564?
2, 3, 47
What are the prime factors of 138352?
2, 8647
What are the prime factors of 587?
587
What are the prime factors of 5758?
2, 2879
List the prime factors of 1110.
2, 3, 5, 37
What are the prime factors of 34252?
2, 8563
What are the prime factors of 6402?
2, 3, 11, 97
What are the prime factors of 397?
397
What are the prime factors of 1783?
1783
What are the prime factors of 782?
2, 17, 23
List the prime factors of 91425.
3, 5, 23, 53
What are the prime factors of 3795?
3, 5, 11, 23
List the prime factors of 81.
3
What are the prime factors of 143029?
281, 509
List the prime factors of 11999.
13, 71
List the prime factors of 1529.
11, 139
List the prime factors of 4467.
3, 1489
What are the prime factors of 21482?
2, 23, 467
List the prime factors of 4311.
3, 479
What are the prime factors of 589?
19, 31
What are the prime factors of 21805?
5, 7, 89
What are the prime factors of 15599?
19, 821
List the prime factors of 276.
2, 3, 23
List the prime factors of 99406.
2, 23, 2161
What are the prime factors of 14814?
2, 3, 823
List the prime factors of 725.
5, 29
What are the prime factors of 7243?
7243
List the prime factors of 28289.
28289
List the prime factors of 5818.
2, 2909
List the prime factors of 9887.
9887
List the prime factors of 2343.
3, 11, 71
List the prime factors of 1476.
2, 3, 41
What are the prime factors of 6907?
6907
What are the prime factors of 27866?
2, 13933
List the prime factors of 8868.
2, 3, 739
List the prime factors of 57742.
2, 28871
List the prime factors of 1110.
2, 3, 5, 37
What are the prime factors of 1305?
3, 5, 29
What are the prime factors of 1432?
2, 179
List the prime factors of 1494.
2, 3, 83
List the prime factors of 1144.
2, 11, 13
What are the prime factors of 14635?
5, 2927
List the prime factors of 16446.
2, 3, 2741
List the prime factors of 54299.
7, 7757
List the prime factors of 1930.
2, 5, 193
List the prime factors of 24470.
2, 5, 2447
List the prime factors of 5807.
5807
What are the prime factors of 1591?
37, 43
What are the prime factors of 20210?
2, 5, 43, 47
List the prime factors of 1894.
2, 947
What are the prime factors of 6335?
5, 7, 181
List the prime factors of 441.
3, 7
What are the prime factors of 1683?
3, 11, 17
List the prime factors of 327.
3, 109
What are the prime factors of 772?
2, 193
What are the prime factors of 9976?
2, 29, 43
What are the prime factors of 15022?
2, 7, 29, 37
What are the prime factors of 6146?
2, 7, 439
List the prime factors of 60044.
2, 17, 883
List the prime factors of 474.
2, 3, 79
What are the prime factors of 30805?
5, 61, 101
List the prime factors of 1409.
1409
List the prime factors of 11781.
3, 7, 11, 17
List the prime factors of 3334.
2, 1667
List the prime factors of 52429.
13, 37, 109
What are the prime factors of 806?
2, 13, 31
What are the prime factors of 918?
2, 3, 17
List the prime factors of 682.
2, 11, 31
What are the prime factors of 6267?
3, 2089
What are the prime factors of 756?
2, 3, 7
What are the prime factors of 1413?
3, 157
What are the prime factors of 23653?
7, 31, 109
List the prime factors of 82768.
2, 7, 739
What are the prime factors of 5361?
3, 1787
What are the prime factors of 7291?
23, 317
List the prime factors of 163960.
2, 5, 4099
What are the prime factors of 3551?
53, 67
List the prime factors of 112.
2, 7
List the prime factors of 8848.
2, 7, 79
What are the prime factors of 16258?
2, 11, 739
List the prime factors of 1616.
2, 101
What are the prime factors of 1477?
7, 211
What are the prime factors of 4901?
13, 29
What are the prime factors of 3147?
3, 1049
List the prime factors of 100078.
2, 11, 4549
What are the prime factors of 18857?
109, 173
What are the prime factors of 502?
2, 251
List the prime factors of 2707.
2707
What are the prime factors of 29631?
3, 7, 17, 83
What are the prime factors of 970?
2, 5, 97
List the prime factors of 14090.
2, 5, 1409
List the prime factors of 28482.
2, 3, 47, 101
List the prime factors of 160494.
2, 3, 23, 1163
List the prime factors of 4055.
5, 811
What are the prime factors of 4067?
7, 83
List the prime factors of 4032.
2, 3, 7
List the prime factors of 188791.
188791
List the prime factors of 36039.
3, 41, 293
List the prime factors of 9719.
9719
What are the prime factors of 635?
5, 127
What are the prime factors of 14595?
3, 5, 7, 139
List the prime factors of 1886.
2, 23, 41
What are the prime factors of 30003?
3, 73, 137
What are the prime factors of 141183?
3, 7, 83
List the prime factors of 459.
3, 17
List the prime factors of 27894.
2, 3, 4649
What are the prime factors of 39817?
29, 1373
What are the prime factors of 12737?
47, 271
What are the prime factors of 53215?
5, 29, 367
What are the prime factors of 1246?
2, 7, 89
List the prime factors of 34605.
3, 5, 769
List the prime factors of 1523.
1523
What are the prime factors of 837?
3, 31
What are the prime factors of 81626?
2, 40813
List the prime factors of 7078.
2, 3539
What are the prime factors of 840?
2, 3, 5, 7
List the prime factors of 1032.
2, 3, 43
What are the prime factors of 28015?
5, 13, 431
List the prime factors of 18006.
2, 3, 3001
List the prime factors of 1246.
2, 7, 89
List the prime factors of 81352.
2, 10169
List the prime factors of 3570.
2, 3, 5, 7, 17
What are the prime factors of 1335?
3, 5, 89
What are the prime factors of 4214?
2, 7, 43
What are the prime fa